{"id":26,"date":"2017-04-03T22:15:12","date_gmt":"2017-04-03T22:15:12","guid":{"rendered":"https:\/\/autismo.odo.br\/site\/?page_id=26"},"modified":"2020-05-27T14:00:37","modified_gmt":"2020-05-27T14:00:37","slug":"sobre","status":"publish","type":"page","link":"https:\/\/autismo.odo.br\/site\/sobre\/","title":{"rendered":"SOBRE O BLOG"},"content":{"rendered":"<h2><img data-opt-id=1965016449  fetchpriority=\"high\" decoding=\"async\" data-attachment-id=\"181\" data-permalink=\"https:\/\/autismo.odo.br\/site\/atendimento-odontologico-pacientes-com-necessidades-especiais-pne-brasilia-df\/attachment\/2\/\" data-orig-file=\"https:\/\/mloxcugkbp6a.i.optimole.com\/w:auto\/h:auto\/q:mauto\/f:best\/https:\/\/autismo.odo.br\/site\/wp-content\/uploads\/2020\/03\/2.png\" data-orig-size=\"853,1280\" data-comments-opened=\"0\" data-image-meta=\"{&quot;aperture&quot;:&quot;0&quot;,&quot;credit&quot;:&quot;&quot;,&quot;camera&quot;:&quot;&quot;,&quot;caption&quot;:&quot;&quot;,&quot;created_timestamp&quot;:&quot;0&quot;,&quot;copyright&quot;:&quot;&quot;,&quot;focal_length&quot;:&quot;0&quot;,&quot;iso&quot;:&quot;0&quot;,&quot;shutter_speed&quot;:&quot;0&quot;,&quot;title&quot;:&quot;&quot;,&quot;orientation&quot;:&quot;0&quot;}\" data-image-title=\"2\" data-image-description=\"\" data-image-caption=\"\" data-large-file=\"https:\/\/mloxcugkbp6a.i.optimole.com\/w:682\/h:1024\/q:mauto\/f:best\/https:\/\/autismo.odo.br\/site\/wp-content\/uploads\/2020\/03\/2.png\" class=\"alignleft wp-image-181 size-thumbnail\" src=\"https:\/\/mloxcugkbp6a.i.optimole.com\/w:150\/h:150\/q:mauto\/rt:fill\/g:ce\/f:best\/http:\/\/autismo.odo.br\/site\/wp-content\/uploads\/2020\/03\/2.png\" alt=\"\" width=\"150\" height=\"150\" srcset=\"https:\/\/mloxcugkbp6a.i.optimole.com\/w:150\/h:150\/q:mauto\/rt:fill\/g:ce\/f:best\/https:\/\/autismo.odo.br\/site\/wp-content\/uploads\/2020\/03\/2.png 150w, https:\/\/mloxcugkbp6a.i.optimole.com\/w:160\/h:160\/q:mauto\/rt:fill\/g:ce\/f:best\/https:\/\/autismo.odo.br\/site\/wp-content\/uploads\/2020\/03\/2.png 160w\" sizes=\"(max-width: 150px) 100vw, 150px\" \/><strong>Autismo e Odontologia<\/strong><\/h2>\n<p style=\"text-align: justify;\">Esta p\u00e1gina foi criada pela <strong>Professora Dra. <\/strong><strong>Lais David Amaral,<\/strong> com a finalidade de promover discuss\u00f5es sobre os temas: Sa\u00fade Bucal, Auti<span class=\"text_exposed_show\">smo, Aten\u00e7\u00e3o B\u00e1sica, SUS, Direitos Humanos, Vulnerabilidade, Pacientes com Necessidades Especiais e a import\u00e2ncia de todos estes temas, analisados separadamente ou n\u00e3o.<\/span><\/p>\n<p style=\"text-align: justify;\"><span class=\"text_exposed_show\">Os estudos sobre autismo e odontologia ainda s\u00e3o escassos e podem ser controversos. Cabe a n\u00f3s, mudarmos esta atual situa\u00e7\u00e3o e acolhermos estas pessoas em nossas pr\u00e1ticas cl\u00ednicas, seja no servi\u00e7o p\u00fablico ou privado.<\/span><\/p>\n<p style=\"text-align: justify;\">Esta p\u00e1gina fue creada por la <strong>Profesora Dra. Lais David Amaral<\/strong>, con el prop\u00f3sito de promover discusiones acerca de los temas: Salud Bucal, autismo, la atenci\u00f3n primaria, los derechos humanos, la vulnerabilidad, los pacientes con necesidades especiales y la importancia de todos estos temas, analizados por separado o no.<br \/>Los estudios acerca del autismo y odontolog\u00eda son pocos y cuestionables. Cabe a nosotros, cambiarmos esta situaci\u00f3n, sea en los servicios p\u00fablicos de salud o privados!<br \/>Los textos se presentan siempre en portugu\u00e9s y en espa\u00f1ol, para alcanzar a m\u00e1s personas interesadas en este tema.<\/p>\n<p><strong>Lais David Amaral<\/strong><br \/><strong>Cirurgi\u00e3 Dentista<\/strong><br \/><strong>lais@autismo.odo.br | <a href=\"mailto:lais.davidamaral@gmail.com\">lais.davidamaral@gmail.com<\/a><\/strong><\/p>\n<blockquote>\n<p><strong>&#8220;Atuar com \u00e9tica e responsabilidade nos cuidados em odontologia aplicados a pacientes especiais, sobretudo nos servi\u00e7os p\u00fablicos de sa\u00fade e no ensino superior. &#8220;<\/strong><\/p>\n<\/blockquote>\n<p><span style=\"font-size: 18pt;\"><strong>Lais David Amaral<\/strong><\/span><\/p>\n<p style=\"text-align: justify;\">Graduada em Odontologia pela Universidade Paulista &#8211; UNIP, Doutora e Mestre em Ci\u00eancias da Sa\u00fade pela Universidade de Bras\u00edlia &#8211; UnB. Especialista em Odontologia para Pacientes com Necessidades Especiais (Universidade Paulista &#8211; FOUNIP), Odontopediatria (Uning\u00e1) e Odontologia em Sa\u00fade Coletiva (UnB). Professora do Curso de Gradua\u00e7\u00e3o em Odontologia na Universidade Cat\u00f3lica de Bras\u00edlia &#8211; UCB. Experi\u00eancia como cirurgi\u00e3 dentista da Estrat\u00e9gia Sa\u00fade da Fam\u00edlia (SUS) e odontologia para pessoas com necessidades especiais, realizando pesquisas sobre aten\u00e7\u00e3o em sa\u00fade bucal para pessoas com autismo. Realiza atendimentos odontol\u00f3gicos a pacientes com necessidades especiais em consult\u00f3rio\/cl\u00ednica particular em Bras\u00edlia &#8211; Distrito Federal.<\/p>\n<p><strong>Realiza atendimento odontol\u00f3gico para pacientes com necessidades especiais em consult\u00f3rio odontol\u00f3gico localizado na Cl\u00ednica CEMOI &#8211; SGAS 915 Asa Sul, Centro Cl\u00ednico Advance I, Sala 41 &#8211; Subsolo, Bras\u00edlia &#8211; Distrito Federal &#8211; Telefone (061) 3245-3559<\/strong><\/p>\n<hr \/>\n<section id=\"text_story_IuJ4tuRbeO\" class=\"text_story no-page-break\" data-bind=\"sections\"><header>\n<h3 class=\"header-text empty\" data-bind=\"label\"><span class=\"undefined needsclick\" contenteditable=\"false\" data-placeholder=\"Text section\">ABOPE &#8211; Associa\u00e7\u00e3o Brasileira de Odontologia para Pacientes com Necessidades Especiais\u00a0<\/span><\/h3>\n<\/header>\n<article class=\"\" data-bind=\"content\">\n<div id=\"react-tinymce-312078\" class=\" mce-content-body\" spellcheck=\"true\">\n<p>Membro da Diretoria 2020 &#8211; 2022\u00a0 da ABOPE &#8211; Associa\u00e7\u00e3o Brasileira de Odontologia para Pacientes com Necessidades Especiais. <a href=\"http:\/\/www.abope.org\/\" target=\"_blank\" rel=\"nofollow noopener noreferrer\">www.abope.org<\/a><\/p>\n<\/div>\n<\/article>\n<\/section>\n<hr \/>\n<p><span style=\"font-size: 18pt;\"><strong>Principais atividades profissionais:<\/strong><\/span><\/p>\n<article class=\"\" data-bind=\"contents\">\n<div class=\"article-headings\">\n<h6 class=\"date-range\"><span data-bind=\"start_date\"><span class=\"undefined needsclick\" contenteditable=\"false\" data-placeholder=\"YYYY\">2016<\/span> at\u00e9\u00a0 a data presente<\/span><span data-bind=\"end_date\"><br \/><\/span><\/h6>\n<\/div>\n<div class=\"article-body\">\n<h4 data-bind=\"title\"><span class=\"undefined needsclick\" contenteditable=\"false\" data-placeholder=\"Job title\">Professora no Curso de Gradua\u00e7\u00e3o em Odontologia<\/span><\/h4>\n<div data-bind=\"organization_url\">\n<h5 data-bind=\"organization\"><span class=\"undefined needsclick\" contenteditable=\"false\" data-placeholder=\"Organization\">Universidade Cat\u00f3lica de Bras\u00edlia<\/span><\/h5>\n<\/div>\n<div id=\"react-tinymce-312056\" class=\" mce-content-body\" spellcheck=\"true\">\n<p>Professora Assistente do Curso de Gradua\u00e7\u00e3o em Odontologia nas Disciplinas de Odontologia para Pacientes com Necessidades Especiais, Sa\u00fade Coletiva e\u00a0 Odontopediatria.<\/p>\n<\/div>\n<\/div>\n<\/article>\n<article class=\"\" data-bind=\"contents\">\n<div class=\"article-headings\">\n<h6 class=\"date-range\"><span data-bind=\"start_date\"><span class=\"undefined needsclick\" contenteditable=\"false\" data-placeholder=\"YYYY\">2015<\/span><\/span><span data-bind=\"end_date\"> &#8211;\u00a0<span class=\"undefined needsclick\" contenteditable=\"false\" data-placeholder=\"YYYY\">2017<\/span><\/span><\/h6>\n<\/div>\n<div class=\"article-body\">\n<h4 data-bind=\"title\"><span class=\"undefined needsclick\" contenteditable=\"false\" data-placeholder=\"Job title\">Professora do Curso de P\u00f3s Gradua\u00e7\u00e3o em Odontopediatria<\/span><\/h4>\n<div data-bind=\"organization_url\">\n<h5 data-bind=\"organization\"><span class=\"undefined needsclick\" contenteditable=\"false\" data-placeholder=\"Organization\">Instituto Hodos &#8211; Odontologia<\/span><\/h5>\n<\/div>\n<div id=\"react-tinymce-312058\" class=\" mce-content-body\" spellcheck=\"true\">\n<p>Professora do Curso de P\u00f3s Gradua\u00e7\u00e3o em Odontopediatria, Instituto Hodos &#8211; Odontologia<\/p>\n<\/div>\n<\/div>\n<\/article>\n<article class=\"\" data-bind=\"contents\">\n<div class=\"article-body\"><span style=\"color: inherit; font-size: 0.8em; font-weight: 600;\">2006 &#8211; 2014<\/span><\/div>\n<\/article>\n<article class=\"\" data-bind=\"contents\">\n<div class=\"article-body\">\n<h4 data-bind=\"title\"><span class=\"undefined needsclick\" contenteditable=\"false\" data-placeholder=\"Job title\">Cirurgi\u00e3 Dentista da Estrat\u00e9gia Sa\u00fade da Fam\u00edlia<\/span><\/h4>\n<div data-bind=\"organization_url\">\n<h5 data-bind=\"organization\"><span class=\"undefined needsclick\" contenteditable=\"false\" data-placeholder=\"Organization\">Prefeitura Municipal de Nova Alian\u00e7a &#8211; S\u00e3o Paulo<\/span><\/h5>\n<\/div>\n<div id=\"react-tinymce-312068\" class=\" mce-content-body\" spellcheck=\"true\">\n<p>Cirurgi\u00e3 Dentista na ESF, atuando na aten\u00e7\u00e3o em sa\u00fade bucal da popula\u00e7\u00e3o, incluindo pessoas com necessidades especiais PNE.<\/p>\n<hr \/><\/div>\n<\/div>\n<\/article>\n<p><strong><span style=\"font-size: 18pt;\">Forma\u00e7\u00e3o:<\/span><\/strong><\/p>\n<article class=\"\" data-bind=\"contents\">\n<div class=\"article-headings\">\n<h4><span style=\"color: #333399;\">2018 &#8211; 2019<\/span><br \/><span style=\"color: #333399;\">Especializa\u00e7\u00e3o em Odontopediatria<\/span><\/h4>\n<p><strong>Uning\u00e1 &#8211; Instituto Orion<\/strong><\/p>\n<h4 class=\"date-range\"><span style=\"color: #333399;\"><span class=\"undefined needsclick\" contenteditable=\"false\" data-placeholder=\"YYYY\">2011<\/span> &#8211; 2018<br \/>Mestrado e Doutorado em Ci\u00eancias da Sa\u00fade<\/span><\/h4>\n<\/div>\n<div class=\"article-body\">\n<div data-bind=\"organization_url\">\n<h5 data-bind=\"organization\"><span class=\"undefined needsclick\" contenteditable=\"false\" data-placeholder=\"School name\">Universidade de Bras\u00edlia &#8211; Unb<\/span><\/h5>\n<\/div>\n<div id=\"react-tinymce-312072\" class=\" mce-content-body\" spellcheck=\"true\">\n<p>\u00c1rea de estudo: Sa\u00fade Bucal Coletiva e Aten\u00e7\u00e3o em Odontologia para Pacientes Especiais<br \/>Conclus\u00e3o do Mestrado: 2013<br \/>Conclus\u00e3o do Doutorado: 2018.<\/p>\n<h4><span style=\"color: #333399;\">2017 &#8211; 2018<\/span><br \/><span style=\"color: #333399;\">Habilita\u00e7\u00e3o em Odontologia Hospitalar<\/span><\/h4>\n<p><strong>Centro Multidisciplinar de Odontologia Intensiva<\/strong><\/p>\n<\/div>\n<\/div>\n<\/article>\n<article class=\"\" data-bind=\"contents\">\n<div class=\"article-body\">\n<h4 data-bind=\"title\"><span style=\"color: #333399;\">2014 &#8211; 2016<\/span><br \/><span class=\"undefined needsclick\" contenteditable=\"false\" data-placeholder=\"Degree name\">Especializa\u00e7\u00e3o em Odontologia para Pacientes com Necessidades Especiais\u00a0<\/span><\/h4>\n<div data-bind=\"organization_url\">\n<h5 data-bind=\"organization\"><span class=\"undefined needsclick\" contenteditable=\"false\" data-placeholder=\"School name\">Universidade Paulista &#8211; UNIP &#8211; S\u00e3o Paulo\u00a0<\/span><\/h5>\n<h4><span style=\"color: #333399;\">2009 &#8211; 2011<\/span><br \/><span style=\"color: #333399;\">Especializa\u00e7\u00e3o em Sa\u00fade Coletiva em Odontologia<\/span><\/h4>\n<p><strong>Universidade de Bras\u00edlia &#8211; UnB<\/strong><\/p>\n<\/div>\n<\/div>\n<\/article>\n<article class=\"\" data-bind=\"contents\">\n<div class=\"article-body\">\n<h4 data-bind=\"title\"><span style=\"color: #333399;\">2001 &#8211; 2004<\/span><br \/><span class=\"undefined needsclick\" contenteditable=\"false\" data-placeholder=\"Degree name\">Universidade Paulista &#8211; UNIP<\/span><\/h4>\n<div id=\"react-tinymce-312076\" class=\" mce-content-body\" spellcheck=\"true\">\n<p><strong>Gradua\u00e7\u00e3o em Odontologia<\/strong><\/p>\n<hr \/><\/div>\n<\/div>\n<\/article>\n<p style=\"text-align: justify;\"><span style=\"font-size: 18pt;\"><strong>Links:<\/strong><\/span><\/p>\n<p>Lattes:\u00a0<a href=\"http:\/\/lattes.cnpq.br\/0210022617805385\" target=\"_blank\" rel=\"noopener noreferrer\">http:\/\/lattes.cnpq.br\/0210022617805385<\/a><\/p>\n<p>Facebook: <a href=\"http:\/\/www.facebook.com\/autismoeodontologia\" target=\"_blank\" rel=\"noopener noreferrer\">http:\/\/www.facebook.com\/autismoeodontologia\u00a0<\/a><\/p>\n<p>LinkedIn:\u00a0<a href=\"https:\/\/br.linkedin.com\/in\/laisdavidamaral\" target=\"_blank\" rel=\"noopener noreferrer\">https:\/\/br.linkedin.com\/in\/laisdavidamaral<\/a><\/p>\n<p>Instagram: <a href=\"https:\/\/www.instagram.com\/autismoeodontologia\/?hl=pt-br\">@autismoeodontologia<\/a><\/p>\n\n","protected":false},"excerpt":{"rendered":"<p>Autismo e Odontologia Esta p\u00e1gina foi criada pela Professora Dra. Lais David Amaral, com a finalidade de promover discuss\u00f5es sobre os temas: Sa\u00fade Bucal, Autismo, Aten\u00e7\u00e3o B\u00e1sica, SUS, Direitos Humanos, Vulnerabilidade, Pacientes com Necessidades Especiais e a import\u00e2ncia de todos estes temas, analisados separadamente ou n\u00e3o. Os estudos sobre autismo [&hellip;]<\/p>\n","protected":false},"author":1,"featured_media":0,"parent":0,"menu_order":0,"comment_status":"closed","ping_status":"closed","template":"","meta":{"_themeisle_gutenberg_block_has_review":false,"jetpack_post_was_ever_published":false,"footnotes":""},"class_list":["post-26","page","type-page","status-publish","hentry"],"yoast_head":"<!-- This site is optimized with the Yoast SEO plugin v27.4 - https:\/\/yoast.com\/product\/yoast-seo-wordpress\/ -->\n<title>SOBRE O BLOG - Dra. Lais David Amaral - Autismo e Odontologia<\/title>\n<meta name=\"robots\" content=\"index, follow, max-snippet:-1, max-image-preview:large, max-video-preview:-1\" \/>\n<link rel=\"canonical\" href=\"https:\/\/autismo.odo.br\/site\/sobre\/\" \/>\n<meta property=\"og:locale\" content=\"pt_BR\" \/>\n<meta property=\"og:type\" content=\"article\" \/>\n<meta property=\"og:title\" content=\"SOBRE O BLOG - Dra. Lais David Amaral - Autismo e Odontologia\" \/>\n<meta property=\"og:description\" content=\"Autismo e Odontologia Esta p\u00e1gina foi criada pela Professora Dra. Lais David Amaral, com a finalidade de promover discuss\u00f5es sobre os temas: Sa\u00fade Bucal, Autismo, Aten\u00e7\u00e3o B\u00e1sica, SUS, Direitos Humanos, Vulnerabilidade, Pacientes com Necessidades Especiais e a import\u00e2ncia de todos estes temas, analisados separadamente ou n\u00e3o. Os estudos sobre autismo [&hellip;]\" \/>\n<meta property=\"og:url\" content=\"https:\/\/autismo.odo.br\/site\/sobre\/\" \/>\n<meta property=\"og:site_name\" content=\"Dra. Lais David Amaral - Autismo e Odontologia\" \/>\n<meta property=\"article:modified_time\" content=\"2020-05-27T14:00:37+00:00\" \/>\n<meta property=\"og:image\" content=\"https:\/\/mloxcugkbp6a.i.optimole.com\/w:150\/h:150\/q:mauto\/rt:fill\/g:ce\/f:best\/http:\/\/autismo.odo.br\/site\/wp-content\/uploads\/2020\/03\/2.png\" \/>\n<meta name=\"twitter:card\" content=\"summary_large_image\" \/>\n<meta name=\"twitter:label1\" content=\"Est. tempo de leitura\" \/>\n\t<meta name=\"twitter:data1\" content=\"3 minutos\" \/>\n<script type=\"application\/ld+json\" class=\"yoast-schema-graph\">{\"@context\":\"https:\\\/\\\/schema.org\",\"@graph\":[{\"@type\":\"WebPage\",\"@id\":\"https:\\\/\\\/autismo.odo.br\\\/site\\\/sobre\\\/\",\"url\":\"https:\\\/\\\/autismo.odo.br\\\/site\\\/sobre\\\/\",\"name\":\"SOBRE O BLOG - Dra. Lais David Amaral - Autismo e Odontologia\",\"isPartOf\":{\"@id\":\"https:\\\/\\\/autismo.odo.br\\\/site\\\/#website\"},\"primaryImageOfPage\":{\"@id\":\"https:\\\/\\\/autismo.odo.br\\\/site\\\/sobre\\\/#primaryimage\"},\"image\":{\"@id\":\"https:\\\/\\\/autismo.odo.br\\\/site\\\/sobre\\\/#primaryimage\"},\"thumbnailUrl\":\"http:\\/\\/autismo.odo.br\\/site\\/wp-content\\/uploads\\/2020\\/03\\/2-150x150.png\",\"datePublished\":\"2017-04-03T22:15:12+00:00\",\"dateModified\":\"2020-05-27T14:00:37+00:00\",\"breadcrumb\":{\"@id\":\"https:\\\/\\\/autismo.odo.br\\\/site\\\/sobre\\\/#breadcrumb\"},\"inLanguage\":\"pt-BR\",\"potentialAction\":[{\"@type\":\"ReadAction\",\"target\":[\"https:\\\/\\\/autismo.odo.br\\\/site\\\/sobre\\\/\"]}]},{\"@type\":\"ImageObject\",\"inLanguage\":\"pt-BR\",\"@id\":\"https:\\\/\\\/autismo.odo.br\\\/site\\\/sobre\\\/#primaryimage\",\"url\":\"https:\\/\\/autismo.odo.br\\/site\\/wp-content\\/uploads\\/2020\\/03\\/2.png\",\"contentUrl\":\"https:\\/\\/autismo.odo.br\\/site\\/wp-content\\/uploads\\/2020\\/03\\/2.png\",\"width\":853,\"height\":1280},{\"@type\":\"BreadcrumbList\",\"@id\":\"https:\\\/\\\/autismo.odo.br\\\/site\\\/sobre\\\/#breadcrumb\",\"itemListElement\":[{\"@type\":\"ListItem\",\"position\":1,\"name\":\"In\u00edcio\",\"item\":\"https:\\\/\\\/autismo.odo.br\\\/site\\\/\"},{\"@type\":\"ListItem\",\"position\":2,\"name\":\"SOBRE O BLOG\"}]},{\"@type\":\"WebSite\",\"@id\":\"https:\\\/\\\/autismo.odo.br\\\/site\\\/#website\",\"url\":\"https:\\\/\\\/autismo.odo.br\\\/site\\\/\",\"name\":\"Autismo e Odontologia\",\"description\":\"Dra. Lais David Amaral - Odontologia para Pacientes com Necessidades Especiais\",\"publisher\":{\"@id\":\"https:\\\/\\\/autismo.odo.br\\\/site\\\/#organization\"},\"potentialAction\":[{\"@type\":\"SearchAction\",\"target\":{\"@type\":\"EntryPoint\",\"urlTemplate\":\"https:\\\/\\\/autismo.odo.br\\\/site\\\/?s={search_term_string}\"},\"query-input\":{\"@type\":\"PropertyValueSpecification\",\"valueRequired\":true,\"valueName\":\"search_term_string\"}}],\"inLanguage\":\"pt-BR\"},{\"@type\":\"Organization\",\"@id\":\"https:\\\/\\\/autismo.odo.br\\\/site\\\/#organization\",\"name\":\"Autismo e Odontologia\",\"url\":\"https:\\\/\\\/autismo.odo.br\\\/site\\\/\",\"logo\":{\"@type\":\"ImageObject\",\"inLanguage\":\"pt-BR\",\"@id\":\"https:\\\/\\\/autismo.odo.br\\\/site\\\/#\\\/schema\\\/logo\\\/image\\\/\",\"url\":\"https:\\/\\/i2.wp.com\\/autismo.odo.br\\/site\\/wp-content\\/uploads\\/2017\\/04\\/Prof-Lais-Amaral-Cirurgia_Dentista-Odontologia-Pacientes-Especiais-Autismo-Brasilia-Distrito-Federal.jpg?fit=350%2C438&ssl=1\",\"contentUrl\":\"https:\\/\\/i2.wp.com\\/autismo.odo.br\\/site\\/wp-content\\/uploads\\/2017\\/04\\/Prof-Lais-Amaral-Cirurgia_Dentista-Odontologia-Pacientes-Especiais-Autismo-Brasilia-Distrito-Federal.jpg?fit=350%2C438&ssl=1\",\"width\":350,\"height\":438,\"caption\":\"Autismo e Odontologia\"},\"image\":{\"@id\":\"https:\\\/\\\/autismo.odo.br\\\/site\\\/#\\\/schema\\\/logo\\\/image\\\/\"},\"sameAs\":[\"http:\\\/\\\/instagram.com\\\/autismoeodontologia\"]}]}<\/script>\n<!-- \/ Yoast SEO plugin. -->","yoast_head_json":{"title":"SOBRE O BLOG - Dra. Lais David Amaral - Autismo e Odontologia","robots":{"index":"index","follow":"follow","max-snippet":"max-snippet:-1","max-image-preview":"max-image-preview:large","max-video-preview":"max-video-preview:-1"},"canonical":"https:\/\/autismo.odo.br\/site\/sobre\/","og_locale":"pt_BR","og_type":"article","og_title":"SOBRE O BLOG - Dra. Lais David Amaral - Autismo e Odontologia","og_description":"Autismo e Odontologia Esta p\u00e1gina foi criada pela Professora Dra. Lais David Amaral, com a finalidade de promover discuss\u00f5es sobre os temas: Sa\u00fade Bucal, Autismo, Aten\u00e7\u00e3o B\u00e1sica, SUS, Direitos Humanos, Vulnerabilidade, Pacientes com Necessidades Especiais e a import\u00e2ncia de todos estes temas, analisados separadamente ou n\u00e3o. Os estudos sobre autismo [&hellip;]","og_url":"https:\/\/autismo.odo.br\/site\/sobre\/","og_site_name":"Dra. Lais David Amaral - Autismo e Odontologia","article_modified_time":"2020-05-27T14:00:37+00:00","og_image":[{"url":"https:\/\/mloxcugkbp6a.i.optimole.com\/w:150\/h:150\/q:mauto\/rt:fill\/g:ce\/f:best\/http:\/\/autismo.odo.br\/site\/wp-content\/uploads\/2020\/03\/2.png","type":"","width":"","height":""}],"twitter_card":"summary_large_image","twitter_misc":{"Est. tempo de leitura":"3 minutos"},"schema":{"@context":"https:\/\/schema.org","@graph":[{"@type":"WebPage","@id":"https:\/\/autismo.odo.br\/site\/sobre\/","url":"https:\/\/autismo.odo.br\/site\/sobre\/","name":"SOBRE O BLOG - Dra. Lais David Amaral - Autismo e Odontologia","isPartOf":{"@id":"https:\/\/autismo.odo.br\/site\/#website"},"primaryImageOfPage":{"@id":"https:\/\/autismo.odo.br\/site\/sobre\/#primaryimage"},"image":{"@id":"https:\/\/autismo.odo.br\/site\/sobre\/#primaryimage"},"thumbnailUrl":"https:\/\/mloxcugkbp6a.i.optimole.com\/w:150\/h:150\/q:mauto\/rt:fill\/g:ce\/f:best\/http:\/\/autismo.odo.br\/site\/wp-content\/uploads\/2020\/03\/2.png","datePublished":"2017-04-03T22:15:12+00:00","dateModified":"2020-05-27T14:00:37+00:00","breadcrumb":{"@id":"https:\/\/autismo.odo.br\/site\/sobre\/#breadcrumb"},"inLanguage":"pt-BR","potentialAction":[{"@type":"ReadAction","target":["https:\/\/autismo.odo.br\/site\/sobre\/"]}]},{"@type":"ImageObject","inLanguage":"pt-BR","@id":"https:\/\/autismo.odo.br\/site\/sobre\/#primaryimage","url":"https:\/\/mloxcugkbp6a.i.optimole.com\/w:auto\/h:auto\/q:mauto\/f:best\/https:\/\/autismo.odo.br\/site\/wp-content\/uploads\/2020\/03\/2.png","contentUrl":"https:\/\/mloxcugkbp6a.i.optimole.com\/w:auto\/h:auto\/q:mauto\/f:best\/https:\/\/autismo.odo.br\/site\/wp-content\/uploads\/2020\/03\/2.png","width":853,"height":1280},{"@type":"BreadcrumbList","@id":"https:\/\/autismo.odo.br\/site\/sobre\/#breadcrumb","itemListElement":[{"@type":"ListItem","position":1,"name":"In\u00edcio","item":"https:\/\/autismo.odo.br\/site\/"},{"@type":"ListItem","position":2,"name":"SOBRE O BLOG"}]},{"@type":"WebSite","@id":"https:\/\/autismo.odo.br\/site\/#website","url":"https:\/\/autismo.odo.br\/site\/","name":"Autismo e Odontologia","description":"Dra. Lais David Amaral - Odontologia para Pacientes com Necessidades Especiais","publisher":{"@id":"https:\/\/autismo.odo.br\/site\/#organization"},"potentialAction":[{"@type":"SearchAction","target":{"@type":"EntryPoint","urlTemplate":"https:\/\/autismo.odo.br\/site\/?s={search_term_string}"},"query-input":{"@type":"PropertyValueSpecification","valueRequired":true,"valueName":"search_term_string"}}],"inLanguage":"pt-BR"},{"@type":"Organization","@id":"https:\/\/autismo.odo.br\/site\/#organization","name":"Autismo e Odontologia","url":"https:\/\/autismo.odo.br\/site\/","logo":{"@type":"ImageObject","inLanguage":"pt-BR","@id":"https:\/\/autismo.odo.br\/site\/#\/schema\/logo\/image\/","url":"https:\/\/mloxcugkbp6a.i.optimole.com\/w:auto\/h:auto\/q:mauto\/f:best\/https:\/\/i2.wp.com\/autismo.odo.br\/site\/wp-content\/uploads\/2017\/04\/Prof-Lais-Amaral-Cirurgia_Dentista-Odontologia-Pacientes-Especiais-Autismo-Brasilia-Distrito-Federal.jpg?fit=350%2C438&ssl=1","contentUrl":"https:\/\/mloxcugkbp6a.i.optimole.com\/w:auto\/h:auto\/q:mauto\/f:best\/https:\/\/i2.wp.com\/autismo.odo.br\/site\/wp-content\/uploads\/2017\/04\/Prof-Lais-Amaral-Cirurgia_Dentista-Odontologia-Pacientes-Especiais-Autismo-Brasilia-Distrito-Federal.jpg?fit=350%2C438&ssl=1","width":350,"height":438,"caption":"Autismo e Odontologia"},"image":{"@id":"https:\/\/autismo.odo.br\/site\/#\/schema\/logo\/image\/"},"sameAs":["http:\/\/instagram.com\/autismoeodontologia"]}]}},"jetpack_shortlink":"https:\/\/wp.me\/P8Agdc-q","jetpack_sharing_enabled":true,"_links":{"self":[{"href":"https:\/\/autismo.odo.br\/site\/wp-json\/wp\/v2\/pages\/26","targetHints":{"allow":["GET"]}}],"collection":[{"href":"https:\/\/autismo.odo.br\/site\/wp-json\/wp\/v2\/pages"}],"about":[{"href":"https:\/\/autismo.odo.br\/site\/wp-json\/wp\/v2\/types\/page"}],"author":[{"embeddable":true,"href":"https:\/\/autismo.odo.br\/site\/wp-json\/wp\/v2\/users\/1"}],"replies":[{"embeddable":true,"href":"https:\/\/autismo.odo.br\/site\/wp-json\/wp\/v2\/comments?post=26"}],"version-history":[{"count":21,"href":"https:\/\/autismo.odo.br\/site\/wp-json\/wp\/v2\/pages\/26\/revisions"}],"predecessor-version":[{"id":519,"href":"https:\/\/autismo.odo.br\/site\/wp-json\/wp\/v2\/pages\/26\/revisions\/519"}],"wp:attachment":[{"href":"https:\/\/autismo.odo.br\/site\/wp-json\/wp\/v2\/media?parent=26"}],"curies":[{"name":"wp","href":"https:\/\/api.w.org\/{rel}","templated":true}]}}